{"id":2258,"date":"2025-08-21T15:17:33","date_gmt":"2025-08-21T18:17:33","guid":{"rendered":"https:\/\/ipremburitama.sp.gov.br\/?page_id=2258"},"modified":"2025-08-21T15:17:33","modified_gmt":"2025-08-21T18:17:33","slug":"prestacao-de-contas-2024","status":"publish","type":"page","link":"https:\/\/ipremburitama.sp.gov.br\/index.php\/prestacao-de-contas-2024\/","title":{"rendered":"Presta\u00e7\u00e3o de Contas 2024"},"content":{"rendered":"<p><img decoding=\"async\" class=\"\" src=\"https:\/\/ipremburitama.sp.gov.br\/wp-content\/uploads\/2024\/09\/download-300x281.png\" width=\"42\" height=\"40\" \/><a href=\"https:\/\/ipremburitama.sp.gov.br\/wp-content\/uploads\/2025\/08\/Anexo_12-Balanco_Orcamentario-2024.pdf\">Anexo_12-Balanco_Orcamentario 2024<\/a><\/p>\n<p><img decoding=\"async\" class=\"\" src=\"https:\/\/ipremburitama.sp.gov.br\/wp-content\/uploads\/2024\/09\/download-300x281.png\" width=\"42\" height=\"40\" \/><a href=\"https:\/\/ipremburitama.sp.gov.br\/wp-content\/uploads\/2025\/08\/Anexo_13_Balanco_Financeiro-2024.pdf\">Anexo_13_Balanco_Financeiro 2024<\/a><\/p>\n<p><img decoding=\"async\" class=\"\" src=\"https:\/\/ipremburitama.sp.gov.br\/wp-content\/uploads\/2024\/09\/download-300x281.png\" width=\"42\" height=\"40\" \/><a href=\"https:\/\/ipremburitama.sp.gov.br\/wp-content\/uploads\/2025\/08\/Anexo_14_Balanco_Patrimonial-2024.pdf\">Anexo_14_Balanco_Patrimonial 2024<\/a><\/p>\n<p><img decoding=\"async\" class=\"\" src=\"https:\/\/ipremburitama.sp.gov.br\/wp-content\/uploads\/2024\/09\/download-300x281.png\" width=\"42\" height=\"40\" \/><a href=\"https:\/\/ipremburitama.sp.gov.br\/wp-content\/uploads\/2025\/08\/Anexo_15-Variacoes_Patrimoniais-2024.pdf\">Anexo_15-Variacoes_Patrimoniais 2024<\/a><\/p>\n<p><img decoding=\"async\" class=\"\" src=\"https:\/\/ipremburitama.sp.gov.br\/wp-content\/uploads\/2024\/09\/download-300x281.png\" width=\"42\" height=\"40\" \/><a href=\"https:\/\/ipremburitama.sp.gov.br\/wp-content\/uploads\/2025\/08\/Balancete_da_Despesa_2024.pdf\">Balancete_da_Despesa_2024<\/a><\/p>\n<p><img decoding=\"async\" class=\"\" src=\"https:\/\/ipremburitama.sp.gov.br\/wp-content\/uploads\/2024\/09\/download-300x281.png\" width=\"42\" height=\"40\" \/><a href=\"https:\/\/ipremburitama.sp.gov.br\/wp-content\/uploads\/2025\/08\/Balancete_da_Receita_2024.pdf\">Balancete_da_Receita_2024<\/a><\/p>\n\n\n<p><a href=\"https:\/\/ipremburitama.sp.gov.br\/wp-content\/uploads\/2025\/12\/Aprovacao-das-Contas-2024-CF.pdf\">Aprova\u00e7\u00e3o das Contas 2024<\/a> &#8211; CF<\/p>\n\n\n\n<p><a href=\"https:\/\/ipremburitama.sp.gov.br\/wp-content\/uploads\/2025\/12\/Aprovacao-do-Parecere-das-Contas-2024-CD.pdf\">Aprova\u00e7\u00e3o do Parecere das Contas 2024 &#8211; CD<\/a><\/p>\n\n\n\n<p><a href=\"https:\/\/ipremburitama.sp.gov.br\/wp-content\/uploads\/2025\/12\/Sentenca-Aposentadorias-2024.pdf\">Senten\u00e7a Aposentadorias &#8211; 2024<\/a><\/p>\n\n\n\n<p><a href=\"https:\/\/ipremburitama.sp.gov.br\/wp-content\/uploads\/2025\/12\/Sentenca-Pensoes-2024.pdf\">Senten\u00e7a Pens\u00f5es &#8211; 2024<\/a><\/p>\n\n\n\n<p><\/p>\n\n","protected":false},"excerpt":{"rendered":"<p>Anexo_12-Balanco_Orcamentario 2024 Anexo_13_Balanco_Financeiro 2024 Anexo_14_Balanco_Patrimonial 2024 Anexo_15-Variacoes_Patrimoniais 2024 Balancete_da_Despesa_2024 Balancete_da_Receita_2024 Aprova\u00e7\u00e3o das Contas 2024 &#8211; CF Aprova\u00e7\u00e3o do Parecere das Contas 2024 &#8211; CD Senten\u00e7a Aposentadorias &#8211; 2024 Senten\u00e7a Pens\u00f5es &#8211; 2024<\/p>\n","protected":false},"author":2,"featured_media":0,"parent":0,"menu_order":0,"comment_status":"closed","ping_status":"closed","template":"","meta":{"footnotes":""},"class_list":["post-2258","page","type-page","status-publish","hentry"],"featured_media_urls":[],"_links":{"self":[{"href":"https:\/\/ipremburitama.sp.gov.br\/index.php\/wp-json\/wp\/v2\/pages\/2258","targetHints":{"allow":["GET"]}}],"collection":[{"href":"https:\/\/ipremburitama.sp.gov.br\/index.php\/wp-json\/wp\/v2\/pages"}],"about":[{"href":"https:\/\/ipremburitama.sp.gov.br\/index.php\/wp-json\/wp\/v2\/types\/page"}],"author":[{"embeddable":true,"href":"https:\/\/ipremburitama.sp.gov.br\/index.php\/wp-json\/wp\/v2\/users\/2"}],"replies":[{"embeddable":true,"href":"https:\/\/ipremburitama.sp.gov.br\/index.php\/wp-json\/wp\/v2\/comments?post=2258"}],"version-history":[{"count":0,"href":"https:\/\/ipremburitama.sp.gov.br\/index.php\/wp-json\/wp\/v2\/pages\/2258\/revisions"}],"wp:attachment":[{"href":"https:\/\/ipremburitama.sp.gov.br\/index.php\/wp-json\/wp\/v2\/media?parent=2258"}],"curies":[{"name":"wp","href":"https:\/\/api.w.org\/{rel}","templated":true}]}}